at is the value of -5 - (2 - 11 - (6 - 10))?
0
(-8 - 3) + 3 - -4
-4
What is (3 - 2) + (-80 - -82)?
3
What is the value of (5 - 8) + -2 - (-2 - 1)?
-2
What is the value of -9 + 6 + -1 - (0 + -5)?
1
Calculate 2 + 4 + -4 + -7.
-5
9 + -8 + 0 - -2
3
What is -3 - (-2 + 4) - (-11 + 3)?
3
9 - 4 - -1 - (-1 + 6)
1
Evaluate -8 + 7 - (-1 - 0) - 3.
-3
6 - -1 - (9 + -5)
3
3 + 6 - (-7 + (-4 - -15))
5
Calculate -2 + 1 + -8 - -6.
-3
Evaluate (0 - -5) + -8 + -14 + 13.
-4
Evaluate -3 + (-52 + 62 - (-1 - -1)).
7
What is 1 - 4 - (-3 - -2)?
-2
What is the value of (-3 + 10 - 3) + 7 + -4?
7
What is (-2 - -3) + 2 + -2?
1
What is the value of -3 + (0 - (0 + 3 - 2))?
-4
Evaluate (1 - -1) + (-6 - -12) + -1.
7
Evaluate (2 - 10) + 6 - (11 + -5).
-8
Calculate -6 - -3 - (3 + -2 + 1).
-5
-2 - (-1 - ((-4 - 0) + 10))
5
-2 - -2 - ((4 - 5) + -3)
4
Calculate (-11 - -7 - 2) + 4.
-2
What is the value of -6 + (0 - -5 - 4)?
-5
What is 10 + -1 + 1 + -5?
5
(6 - 3) + -8 - -11
6
What is (5 - (3 - (-3 + 4))) + 3?
6
Calculate -4 + 10 + -9 - -8.
5
What is 7 + -12 - 0 - -11?
6
Evaluate 7 + (0 + -4 - -2).
5
Calculate -6 - (7 + -5 + -5).
-3
What is -1 + -6 + 2 + 3?
-2
What is (-2 + -5 - -6) + (3 - 1)?
1
Evaluate -6 + -2 + 16 - 13.
-5
Evaluate 49 + -35 + -7 + -1.
6
What is the value of -9 - (2 - (-12 + 15))?
-8
Evaluate (26 - 33) + (3 - 0).
-4
What is the value of -6 - (-3 - 8 - -1)?
4
Evaluate (6 + -5 - 6) + 6 + -6.
-5
27 - 31 - (-1 + -3)
0
Calculate -5 - (-6 - (-17 - -11)).
-5
0 - (0 - ((6 - 3) + 0))
3
3 - (4 - (-6 + 5) - 10)
8
Evaluate (3 - 1 - 2) + -2 + 5.
3
Evaluate (3 - (7 + -7)) + (-2 - 0).
1
Calculate -1 + 2 - (-7 + 15 + -7).
0
Evaluate 4 + (5 - (0 - -12)).
-3
2 + -2 + (4 - 3 - 7)
-6
Calculate (4 - -1) + 9 + -11.
3
(-12 + 4 - -12) + (2 - -3)
9
(-8 - (-9 - -8)) + 3
-4
Calculate (13 - (-11 - -29)) + -3.
-8
What is the value of 6 + (5 - 28) + 6?
-11
Calculate 1 - (3 - 1 - 1) - -3.
3
What is the value of -6 + 7 + -6 + 4?
-1
Evaluate 4 + 0 + (-5 - -2).
1
Calculate 2 - (4 + -3 + -1).
2
9 - (5 - (7 + -5))
6
-7 - -2 - (-7 - 2)
4
What is the value of -4 - (2 - -1 - 11 - 1)?
5
What is the value of 2 - ((-8 - -3) + 3 - -9)?
-5
What is the value of -12 + 28 + -10 + -14?
-8
Calculate (-7 - -11) + 0 + -7 - -9.
6
Evaluate 5 - (1 - 2) - (4 - -2).
0
Calculate -2 - -4 - (20 + -30 + 16).
-4
-1 + 0 + (-1 - (-5 - -4))
-1
Evaluate 7 + -1 - (14 - 1 - 11).
4
What is the value of (30 - 27) + (2 - 9)?
-4
1 + 5 + -10 + 8
4
What is 4 + 6 + 3 + (0 - 3)?
10
Evaluate (1 - 7) + (0 + 1 - -2).
-3
26 + -10 + 2 + -12
6
What is the value of -5 + (6 - (12 + -6))?
-5
Evaluate 30 + -37 - (-15 + 0).
8
What is the value of -3 - (-1 + 0 + 3)?
-5
What is 1 + 9 + -5 - 4 - -5?
6
1 + 0 - (32 + -34)
3
Evaluate -10 + -3 + (3 + 4 - -3).
-3
Evaluate 6 - (-1 - (-4 + (-2 - -1))).
2
2 + -8 + 4 - 4
-6
-1 - -3 - (7 + 1 + -3)
-3
What is the value of (5 - 6) + -3 - (1 + 0)?
-5
What is the value of (2 - 5) + (-4 - -2)?
-5
What is the value of (0 - -4) + -4 + -4 - -5?
1
What is the value of -3 - ((-5 - (5 - 5)) + -7)?
9
What is (1 - -6) + (-3 - -11) + -13?
2
Calculate -7 + -1 + 0 - (0 - 5).
-3
Evaluate (-45 - -35) + (0 - -5).
-5
Calculate -4 - (-2 - 1) - 1.
-2
What is 4 - ((5 - (8 + -5)) + -2)?
4
7 + -12 + (-6 - -11)
0
Calculate -2 + (-1 - 0) + 2 + -3.
-4
Calculate -1 - (8 + -6) - 1.
-4
Evaluate (2 + 5 - 4) + 1 - 2.
2
Evaluate -7 + 7 + -4 + 7.
3
Calculate 0 - (3 + -1 - 5).
3
What is the value of (-2 + 1 - (-1 + -1)) + -6?
-5
What is (1 - -3) + (-8 - -1)?
-3
Evaluate 2 + -3 - 4 - -1.
-4
1 + ((5 - 1) + -3 - 4)
-2
Evaluate -9 + 9 - (5 - (1 - -2)).
-2
What is (15 - 2) + (-13 - 1)?
-1
3 + 1 + 0 + 7 + -6
5
Calculate -7 + (8 - 3) + 5.
3
What is 3 + -10 - 1 - (-1 + 0)?
-7
Evaluate 8 - (4 - 2) - (6 + -1).
1
What is -14 - 5 - -21 - (7 - -1)?
-6
5 + (-1 - -3 - 2) + -1
4
Evaluate -1 + (-1 - 4) + 1.
-5
Calculate (4 - 1) + -1 + -5 - -2.
-1
10 + 2 + -12 + 11
11
What is the value of -4 - (13 + -16 - (1 + 0))?
0
(6 - (6 - -2)) + (0 - 3)
-5
What is the value of -2 + 1 + 3 + 0 + 0?
2
What is the value of 7 - ((-6 - 0) + 7 + -2)?
8
-41 - -39 - (-1 - -3)
-4
What is -4 - (5 + -1 + 22 + -28)?
-2
Calculate 3 - (-6 - (-4 + -1)).
4
Evaluate 6 + (1 - -6) - 13.
0
Calculate (-4 - -2) + 0 + 2.
0
-11 + (6 - -6) - (1 - -6)
-6
Calculate -1 + 6 + -1 + 11 + -14.
1
Calculate -7 + (12 - 4) - -3 - -3.
7
Evaluate (11 - 25) + 23 - (1 - -7).
1
Calculate 0 - (-1 + -1 + (3 - 0)).
-1
What is -1 + (3 - -2) + -9?
-5
4 + 4 + -9 + 5
4
-1 - -4 - (42 + -41)
2
What is the value of -3 - 1 - (-18 + 16 + 6)?
-8
Evaluate -2 + (5 - 3) + 2 + 4.
6
What is -6 + (-4 - -8 - 1 - 0)?
-3
4 + (3 - 5) + 3
5
Evaluate -4 + 0 + 2 + -3.
-5
What is the value of 15 + -33 - (-5 + -6)?
-7
What is -3 + 1 + 3 + -3?
-2
Evaluate -5 - (4 - 10) - -2.
3
Calculate -6 - -7 - (-1 - (-3 - -2)).
1
-1 + -2 + 3 - (-18 + 14)
4
What is (1 - 4) + -52 + 52?
-3
Evaluate 2 + (-12 - -6) + 1.
-3
Evaluate (0 + 2 - -2) + -6.
-2
Calculate -6 + 0 - (-20 + (4 - -2)).
8
Evaluate -7 - (1 + -8 + 3 - 0).
-3
What is 0 - (-3 + 2 - 2)?
3
Calculate (22 - (13 - -2)) + (-2 - 1).
4
(-2 - -4) + -5 - -4
1
What is 0 + -3 + -14 + 17?
0
Calculate -4 + 8 + -5 + -2.
-3
What is -5 - (-13 - -17 - (2 + 2))?
-5
-9 + 10 + (1 - 5) + 1
-2
Evaluate -3 - (4 - (0 + 4)).
-3
What is (2 - -14) + -5 - (1 + 6)?
4
Evaluate -7 + 1 + 3 + -3 + 8.
2
Calculate -10 + 16 + -10 + 2 + -5.
-7
-7 + 6 + 7 + -2
4
Calculate 31 + -36 + (0 - -7).
2
What is the value of 1 + (8 - (-4 + 1 + 6))?
6
What is the value of 8 + -20 + 11 - (2 - -2)?
-5
What is -5 - (0 - 3) - 3?
-5
Calculate -1 - (2 + 9 - 7).
-5
What is -10 + (5 - -1) + 5 + -1?
0
Evaluate -3 + (6 - (-6 - -4)).
5
What is the value of (3 - (5 + -9)) + -7?
0
What is -6 + -2 + 2 + 8 + -2?
0
Evaluate -16 - (-14 - -4 - -1).
-7
1 - (4 - 2) - -5 - -1
5
Calculate 2 + 2 - (5 + 6 + -7).
0
Calculate (0 - 2) + -2 - (-8 - 0).
4
Calculate -6 + 32 + -26 + -3 + 1.
-2
(2 + -10 - -16) + 1 + -3
6
What is the value of 0 - ((-3 - -5) + 2)?
-4
What is (10 - (3 + 1)) + -4?
2
-3 + 4 - (1 + (-2 - -1))
1
-8 + (8 - 9) - (-8 + 1)
-2
Evaluate (10 - 10) + -10 - -3.
-7
4 - (4 - 0 - 2) - 4
-2
What is the value of -28 + 32 + (1 - 2)?
3
What is the value of -1 - (-9 + 5 + 2)?
1
What is the value of -1 - -2 - (-6 + (-11 - -10))?
8
Evaluate 0 + 1 - -1 - -2.
4
Calculate -8 - (-6 + (6 - 0 - 3)).
-5
What is the value of -7 - (-6 - -3) - (-1 + 6)?
-9
Evaluate 1 + -3 + (13 - 13).
-2
Evaluate 4 + (-3 - -2) - 2.
1
Calculate -9 + (7 - (6 - 2)) + 7.
1
What is the value of (-4 - (-6 + 4)) + 6 - 5?
-1
Evaluate (1 + 8 - 3) + -7.
-1
What is the value of -1 + -6 + 4 + 0 + 5?
2
What is the value of (-4 - -2) + -35 + 32?
-5
Evaluate (0 - -2) + -5 - -8 - 14.
-9
Evaluate -2 - (3 + -1 - 0).
-4
What is the value of 1 - -4 - 6 - -4?
3
What is the value of (3 - -1) + (-17 - -15)?
2
What is the value of -4 - (-2 + -2) - (-1 + -4)?
5
What is the value of (-4 - 3) + (0 - (-7 - 0))?
0
Calculate 2 + 2 + -2 + 18 + -17.
3
Evaluate -6 - (-4 - -5 - 0) - -4.
-3
What is 5 - (-6 + 1 + 6 + 8)?
-4
Calculate -2 + 2 + (0 - -5).
5
Calculate -3 - -8 - 4 - -4.
5
What is the value of -3 + 5 + (-1 - 2) + 5?
4
What is (-1 - 3) + (-14 - (-8 + -10))?
0
What is the value of -6 - (2 - (5 - -4))?
1
Calculate (13 - 6) + -9 - 3.
-5
Calculate 14 + (-7 - -6 - 5).
8
Calculate 22 + -23 - (5 + -2).
-4
Calculate -14 + (-5 + 6 - -3) + 1.
-9
What is 4 - 1 - (5 - 9)?
7
What is the value of (2 - 4) + 4 + -1?
1
(-1 - (-1 + -2)) + 32 + -30
4
Evaluate (0 - 3) + (5 - 7).
-5
-5 + (-1 - (0 + -9)) + 4
7
What is the value of 21 + 9 + -22 - (-2 + 2)?
8
Calculate (3 - 3) + (-4 - 7 - -6).
-5
Evaluate (2 - 4 - -6) + -5.
-1
1 + (6 - 7) - -9
9
Evaluate 12 + 6 + (-13 - -1).
6
What is the value of (-11 - -9) + (-2 - -1)?
-3
-8 - (-2 + 0 - (25 - 28))
-9
Evaluate -4 + 7 + -5 - -1.
-1
Evaluate 3 + (-3 - (-6 - -2)).
4
What is the value of 2 - 4 - 13 - (11 - 17)?
-9
What is the value of 3 - 4 - (-9 - -6)?
2
Calculate -8 - -10 - (-1 + (0 - 1)).
4
Calculate 2 - (-16 + 12 + (0 - -7)).
-1
Calculate 24 + (10 - 18 - 6).
10
What is 4 - (0 - -1) - 3?
0
Evaluate (6 - (-9 - -19)) + 4.
0
Evaluate (7 + -3 - (-3 + 12)) + 3.
-2
Evaluate (-7 - 5) + 1 + 9.
-2
What is 0 - (1 + (-2 - -3))?
-2
1 - 1 - 0 - (-5 + 0)
5
Calculate 3 - 0 - 6 - -5.
2
11 + -24 - -18 - 3
2
What is -2 + 4 + (5 - 9)?
-2
4 + -11 + (0 - 1) + 4
-4
Calculate 5 + 0 + (-10 - 2).
-7
Evaluate -3 - (-10 